vided by i?
96
Let g(f) = 16*f + 190. Let b = -497 + 487. Suppose -5*q + 19 = -21. What is the remainder when g(b) is divided by q?
6
Let u(c) = c**2 - 3*c. Let d be u(2). Let g(r) = -r**3 + r**2 + 2*r. Suppose 15544 = 581*p - 45*p. Calculate the remainder when p is divided by g(d).
5
Let j(g) = -6*g - 5. Let d = -92 - -98. Calculate the remainder when (-2835)/(-84) + d/(-8) is divided by j(-4).
14
Let l(b) = b**2 - 78*b - 570. Let y be l(-7). Let f(h) = 29*h**2 + h + 2. Let i be f(2). Let m = i - y. Calculate the remainder when m is divided by 24.
23
Suppose 38*p - 83*p + 846 = -9. What is the remainder when 702 is divided by p?
18
Suppose -2*p = -15 + 39. Let v(f) = -f + 22. What is the remainder when v(p) is divided by 4?
2
Suppose 5*l + 242 = -7*y + 10*y, 2*l - 66 = -y. Let v = -69 - -76. What is the remainder when y is divided by v?
4
Suppose 15*o = 34*o - 15*o - 1012. What is the remainder when o is divided by 59?
17
Let m(q) = -5*q**3 - 334*q**2 + 47*q - 135. Calculate the remainder when m(-67) is divided by 109.
6
Let j be (-4*1)/(12/(-153)). Suppose -2*s + 25 + 76 = l, j = s + l. What is the remainder when 149 is divided by s?
49
Let y = -46 - -42. Let u(n) = -5*n - 8. Suppose 10*t - 36 = 4*t. What is the remainder when u(y) is divided by t?
0
Suppose 5*p + 21*k - 23*k = 11657, 0 = -4*p - k + 9323. What is the remainder when p is divided by 11?
10
Let a = 2400 - 2351. What is the remainder when 197 is divided by a?
1
Let h(m) = 27*m**3 - 6*m + 6. Let w(g) = g**3 + 31*g**2 + 4*g + 125. Let z be w(-31). What is the remainder when 294 is divided by h(z)?
24
Suppose 4*b + x = 86, -x = 16*b - 11*b - 107. What is the remainder when 39 is divided by b?
18
Suppose -5*c - 3*b + 324 = 0, c + b = 47 + 19. What is the remainder when 310 is divided by c?
58
Let o(a) = 12*a**2 - 42*a + 11. Let y be o(5). Suppose -2*m + 6*m + 404 = -4*v, 103 = -m - 2*v. Let f = m + y. Calculate the remainder when 15 is divided by f.
1
Let h(v) = 92*v + 875. Calculate the remainder when 11890 is divided by h(-9).
46
Suppose i = -5, -2*m + 0*i = -2*i + 106. Let c = m + 100. Suppose 0 = 4*f + f + 3*p - 70, 2*f + 4*p - c = 0. Calculate the remainder when f is divided by 4.
3
Suppose 3*n - 2*n = 0, 2*r + 456 = -4*n. Let f = -218 - r. Calculate the remainder when 147 is divided by f.
7
What is the remainder when 66 is divided by ((-15)/6 - -2)/((-4520)/752 + 6)?
19
Let k = -546 + 548. Suppose -233 + 163 = -k*g. Calculate the remainder when g is divided by 11.
2
Suppose -144 = 2*p - 11*p. Let o be (p/(-12)*-3)/(-1 + 0). What is the remainder when 1 - 258/o*(-4)/(-6) is divided by 15?
14
Suppose -6*f - 1570 = -11*f. Let o(k) = 122*k + 1510. What is the remainder when f is divided by o(-12)?
38
Suppose -5*d = 3*l - d + 287, l = 5*d - 64. Let y = -1402 + 1516. Let m = y + l. Calculate the remainder when 93 is divided by m.
18
Let b = 129 - 353. Let w = -116 - b. Calculate the remainder when w is divided by 23.
16
Suppose 48*p = 44*p - 716. Let f = -143 - p. What is the remainder when f is divided by 21?
15
Let i = -162 + 421. Let p = -3116 + 3181. What is the remainder when i is divided by p?
64
Let z(g) = -3*g - 40. Let a be z(-15). Suppose -3*y = 4*x - 1, -x - 11 - a = 4*y. Suppose x*m + 36 = 5*m. Calculate the remainder when 69 is divided by m.
33
Suppose 558 = 2*z - 182. Let b = z + -359. What is the remainder when 107 is divided by b?
8
Calculate the remainder when 284 is divided by (-1)/(0 - 1) + 181 + -140.
32
Let a be (3 - 2)*5 - 0. Suppose -15 = 5*n + 5*y, 0 = a*y - y + 8. Let g(k) = -55*k - 1. What is the remainder when g(n) is divided by 20?
14
Suppose -15*d - 54*d + 872910 = 66*d. What is the remainder when d is divided by 587?
9
Let u(p) = 328*p**2 - 3*p + 6. Let q be u(2). Suppose 4*g + 12*g = q. Suppose -9 = -2*j + 5*j, x - 4*j = g. What is the remainder when x is divided by 25?
20
Let b be (-3 + 2)*1/((-1)/90). Let k = b + -15. Calculate the remainder when 4 + (k - (-4 - -2)) is divided by 22.
15
Let u = 32833 + -32731. Let a(b) = 27*b**2 + b + 1. What is the remainder when u is divided by a(-1)?
21
Let s be (-3)/4 - 67/(-4). Let m(w) = -w + 22. Let k = 67 - 26. Calculate the remainder when k is divided by m(s).
5
Calculate the remainder when ((50 + -45)*3/(-15))/((-1)/1709) is divided by 59.
57
Suppose 3*r + 37 = 5*y, 2*r + y = -2*r - 11. Let i = 79 + r. Suppose -2*h + 3*v + i = 0, -2*h - 2*v = -33 - 47. What is the remainder when h is divided by 11?
6
Let c = -23 - -32. Let z = 12 - c. Suppose 2*i + z*i = -x + 24, i - 12 = -2*x. Calculate the remainder when 17 is divided by x.
1
Suppose -17*f - 358 = -1. Suppose o + 66 = -o. Let v = f - o. Calculate the remainder when 44 is divided by v.
8
Suppose 8*j - 136 = 1160. Suppose 6*k + j = 8*k. Suppose k = 7*q - 4*q. Calculate the remainder when q is divided by 16.
11
Let p(h) = -2*h + 25. Let b = -39 - -125. Let l be 2/8 + b/8 - 1. What is the remainder when 7 is divided by p(l)?
2
Let t(d) = 12*d - 118. Let q be t(10). Suppose -q*z - 2*y = 2 - 20, -4*z = y - 24. Calculate the remainder when 117 is divided by z.
2
Suppose 4*n = r - 31, -5*n = 2*r - 4 - 19. Calculate the remainder when 2048 is divided by r.
15
Let r = 708 - 1195. Let z = r + 490. What is the remainder when 9 is divided by z?
0
Suppose -152 = 5*k - 542. Calculate the remainder when k is divided by 62 + 12*(-42)/21.
2
Let u(l) = -4*l - 15*l**2 - 470 + 2*l**3 + 470. Calculate the remainder when 94 is divided by u(8).
30
Let t = 201 - 69. Calculate the remainder when (35/2)/(33/t) is divided by 36.
34
Suppose 0 = 30*t - 22*t - 136. Let s(a) = 11*a - 130. What is the remainder when 219 is divided by s(t)?
48
Suppose 0*c = -22*c - 13*c + 449645. What is the remainder when c is divided by 102?
97
Let l be (9 - 8)*(-72)/(-1). Let z = l + -43. Calculate the remainder when z is divided by 1840/240 + -2 + 14/6.
5
Suppose -20*l = -3560 - 1200. What is the remainder when l is divided by 51?
34
Suppose -7*s + 234 = -4*s. Let b(z) = -22*z - 1256. Calculate the remainder when s is divided by b(-59).
36
Suppose 369 - 85 = 2*n - 5*s, 4*n = -2*s + 616. Suppose -4*l = 3*j + 259, 34 = -4*j + 4*l - 302. Let o = j + n. Calculate the remainder when o is divided by 17.
16
Suppose -147*z - 70952 = -388066 - 332185. Calculate the remainder when z is divided by 130.
127
What is the remainder when 2454 is divided by (-1290)/2*5/(-25)?
3
Let w be 3/(6/8) - 3. Suppose -71 + w = -7*m. Calculate the remainder when 48 is divided by m.
8
Let w(c) = -47*c - 21. Let j be w(-10). Suppose -2*v = s - j, 3*v - 2*s = -0*v + 677. Suppose v = -7*o + 638. What is the remainder when o is divided by 15?
14
Suppose 6167 = 111*m + 7*m - 4335. Calculate the remainder when 19934 is divided by m.
87
Suppose a - 208 = -5*o + 5*a, -2*o = a - 91. Let z be (4 - 5 - -2)*0. Suppose f + g - 9 = -0*g, z = 4*g. What is the remainder when o is divided by f?
8
Let z be -3 - 29/(-9) - 470/9. What is the remainder when (2 - z) + 6 - -8 is divided by 36?
32
Suppose 50*g - 21*g = 158*g - 2322. What is the remainder when 260 is divided by g?
8
Let b = 913 + -907. Let j be 2/6 + 113/3. Suppose -b*g - j = -236. Calculate the remainder when 63 is divided by g.
30
Let r = 8250 - 8213. What is the remainder when 175 is divided by r?
27
Suppose 8*x - 10768 - 10608 = -56*x. Calculate the remainder when x is divided by 102.
28
Suppose 10 = 5*v, -218*i + 5*v = -220*i + 148. What is the remainder when 330 is divided by i?
54
Let l(w) = 59*w - 4026. What is the remainder when 1764 is divided by l(70)?
100
Let t = 3694 + -3510. What is the remainder when t is divided by 41?
20
Let k(s) = -s**2 - 14*s + 28. Let f be k(-15). Let q = 69 + f. Suppose -t - 24 = -q. Calculate the remainder when t is divided by 12.
10
Suppose -4*l + 26 = k, -3*k + 0*k = -l - 26. Let a be ((-4)/k)/(10/(-1550)). What is the remainder when 1 - ((-2)/(-2) - a) is divided by 8?
6
Let y(g) = -5*g + 31. Suppose -15*r - 62 = -2. Let f(w) = -5*w - 1. What is the remainder when y(r) is divided by f(-3)?
9
Let q = 5183 - 4739. What is the remainder when q is divided by 110?
4
Calculate the remainder when 36215 is divided by (-792)/(-63) + (4 + -5)*(-3)/7.
10
Let d be 2/(-2)*3*(-816)/48. Let y = -35 + d. Let u = y + 133. What is the remainder when u is divi